ommon factor of 42 and 24.
6
What is the greatest common factor of 22 and 198?
22
Calculate the highest common factor of 544 and 32.
32
Calculate the highest common divisor of 60 and 90.
30
Calculate the highest common divisor of 1287 and 715.
143
Calculate the greatest common factor of 329 and 47.
47
Calculate the greatest common factor of 90 and 1830.
30
Calculate the highest common divisor of 1196 and 15847.
299
Calculate the highest common divisor of 49 and 5.
1
What is the greatest common divisor of 416 and 16?
16
Calculate the greatest common factor of 112 and 343.
7
What is the greatest common factor of 305 and 61?
61
Calculate the greatest common factor of 1037 and 34.
17
What is the highest common factor of 99 and 792?
99
Calculate the highest common factor of 24 and 192.
24
Calculate the greatest common divisor of 54 and 297.
27
Calculate the highest common factor of 4548 and 24.
12
Calculate the greatest common factor of 4 and 82.
2
What is the greatest common divisor of 14012 and 372?
124
What is the highest common factor of 12688 and 48?
16
What is the highest common factor of 2222 and 44?
22
What is the greatest common factor of 16 and 52?
4
Calculate the greatest common divisor of 13 and 5.
1
Calculate the highest common factor of 168 and 952.
56
Calculate the highest common factor of 157 and 1.
1
Calculate the highest common divisor of 210 and 455.
35
What is the highest common divisor of 88 and 1448?
8
Calculate the greatest common factor of 35 and 4585.
35
Calculate the greatest common factor of 16 and 432.
16
Calculate the greatest common factor of 3444 and 84.
84
What is the highest common factor of 125 and 1375?
125
What is the highest common factor of 387 and 27?
9
Calculate the greatest common divisor of 14611 and 38.
19
What is the highest common divisor of 484 and 8833?
121
What is the highest common divisor of 15 and 327?
3
Calculate the highest common factor of 615 and 45.
15
Calculate the highest common divisor of 26962 and 17.
17
Calculate the highest common divisor of 116 and 145.
29
Calculate the highest common divisor of 53 and 5.
1
What is the greatest common factor of 72 and 232?
8
Calculate the highest common factor of 12 and 80.
4
Calculate the highest common divisor of 204 and 708.
12
What is the greatest common divisor of 5 and 5?
5
What is the greatest common factor of 3234 and 242?
22
Calculate the greatest common divisor of 144 and 1212.
12
Calculate the greatest common divisor of 1659 and 84.
21
Calculate the greatest common divisor of 11 and 451.
11
What is the highest common divisor of 64 and 8768?
64
Calculate the highest common divisor of 165 and 33.
33
Calculate the greatest common divisor of 10 and 175.
5
Calculate the greatest common divisor of 1045 and 5995.
55
Calculate the greatest common factor of 12403 and 79.
79
Calculate the greatest common divisor of 220 and 40.
20
What is the greatest common divisor of 166 and 1?
1
Calculate the highest common divisor of 168 and 84.
84
Calculate the highest common divisor of 5 and 50.
5
Calculate the highest common divisor of 20250 and 125.
125
Calculate the highest common factor of 34 and 493.
17
Calculate the highest common factor of 121 and 968.
121
What is the greatest common divisor of 86 and 215?
43
Calculate the greatest common factor of 6928 and 16.
16
What is the greatest common factor of 48 and 3288?
24
What is the greatest common factor of 25 and 425?
25
What is the highest common factor of 1448 and 24?
8
What is the greatest common divisor of 59356 and 568?
284
What is the highest common divisor of 255 and 459?
51
What is the greatest common divisor of 71 and 7597?
71
What is the greatest common factor of 18 and 2?
2
What is the highest common factor of 36 and 81?
9
Calculate the highest common factor of 248 and 24.
8
What is the highest common divisor of 189 and 54?
27
Calculate the greatest common divisor of 260 and 2665.
65
What is the greatest common factor of 472 and 104?
8
Calculate the greatest common factor of 166 and 22.
2
What is the greatest common divisor of 663 and 624?
39
Calculate the greatest common divisor of 535 and 1712.
107
What is the highest common divisor of 20 and 125?
5
What is the greatest common divisor of 6900 and 225?
75
Calculate the greatest common divisor of 222 and 962.
74
What is the highest common divisor of 19 and 12407?
19
What is the highest common divisor of 7327 and 153?
17
What is the highest common divisor of 114 and 190?
38
What is the greatest common factor of 13 and 533?
13
What is the highest common divisor of 120 and 69?
3
Calculate the greatest common divisor of 42 and 114.
6
What is the highest common factor of 33 and 286?
11
What is the highest common divisor of 1530 and 30?
30
What is the highest common factor of 52 and 9113?
13
What is the highest common divisor of 63 and 171?
9
What is the greatest common divisor of 27 and 243?
27
What is the highest common factor of 104 and 32?
8
Calculate the greatest common factor of 54 and 38.
2
Calculate the greatest common divisor of 8071 and 28.
7
What is the highest common factor of 54 and 24?
6
Calculate the greatest common factor of 299 and 23.
23
What is the highest common divisor of 248 and 31?
31
What is the highest common factor of 1221 and 264?
33
What is the highest common factor of 9 and 2817?
9
What is the greatest common divisor of 60 and 2660?
20
What is the highest common divisor of 24 and 58?
2
Calculate the highest common factor of 878 and 2.
2
What is the greatest common divisor of 817 and 19?
19
What is the highest common factor of 721 and 28?
7
What is the highest common divisor of 95 and 665?
95
What is the greatest common divisor of 8924 and 276?
92
Calculate the highest common divisor of 24 and 5724.
12
What is the greatest common factor of 472 and 2065?
59
What is the greatest common divisor of 26 and 442?
26
What is the highest common factor of 20093 and 71?
71
Calculate the greatest common divisor of 3124 and 88.
44
Calculate the greatest common factor of 4387 and 41.
41
What is the greatest common factor of 15 and 204?
3
Calculate the greatest common factor of 1134 and 1215.
81
What is the greatest common divisor of 50 and 650?
50
What is the greatest common divisor of 11 and 638?
11
What is the highest common divisor of 30 and 4542?
6
What is the highest common divisor of 4324 and 188?
188
What is the highest common divisor of 6 and 156?
6
Calculate the greatest common factor of 826 and 28.
14
What is the greatest common factor of 63 and 549?
9
Calculate the greatest common factor of 144 and 192.
48
Calculate the highest common divisor of 288 and 16.
16
What is the highest common divisor of 460 and 1748?
92
Calculate the greatest common factor of 1000 and 2300.
100
What is the highest common factor of 300 and 45?
15
Calculate the greatest common divisor of 112 and 42.
14
Calculate the greatest common divisor of 26 and 6.
2
Calculate the highest common factor of 872 and 24.
8
Calculate the greatest common factor of 18 and 486.
18
Calculate the greatest common factor of 10 and 970.
10
What is the greatest common divisor of 102 and 493?
17
What is the highest common divisor of 40 and 90?
10
What is the greatest common factor of 333 and 9?
9
What is the greatest common factor of 2 and 2342?
2
Calculate the highest common factor of 54 and 81.
27
What is the highest common divisor of 51 and 27?
3
What is the greatest common divisor of 729 and 54?
27
Calculate the greatest common factor of 7815 and 15.
15
What is the highest common divisor of 48 and 114?
6
Calculate the highest common divisor of 553 and 7.
7
Calculate the greatest common divisor of 93 and 2511.
93
Calculate the highest common factor of 187 and 22.
11
Calculate the greatest common divisor of 1147 and 93.
31
What is the greatest common factor of 52 and 12?
4
Calculate the greatest common factor of 200 and 880.
40
What is the highest common factor of 568 and 8?
8
What is the highest common factor of 494 and 39?
13
What is the greatest common divisor of 1001 and 728?
91
What is the highest common factor of 10044 and 124?
124
Calculate the highest common factor of 70 and 770.
70
What is the greatest common factor of 2 and 358?
2
What is the highest common factor 